3 - -43)) + (41 - 90).
-45
-5 - (16 - 18) - (39 + (0 - 4))
-38
Calculate (0 - -2) + -2 + (-16 - (-13 - -84 - 58)).
-29
Calculate -3 + 55 + (52 - 56) + -184.
-136
Evaluate 12 + 20 - (30 + -17).
19
What is (68 - 16 - 37) + -5?
10
What is the value of -37 + 54 - (-8 - (2 + -8 - -3))?
22
What is -4 + 2 - 12 - (-27 + (52 - 35) + 36)?
-40
Evaluate -7 + (43 - 74 - -184 - (-2 + -10) - 10).
148
What is -88 + -7 + -22 - -40?
-77
-28 + (243 + -229 - (-2 - -64))
-76
What is the value of -1 + 4 - (-54 + 15 + -8)?
50
-22 + (18 - 79 - -143)
60
What is the value of 24 - 94 - -43 - -17?
-10
Calculate (1 - (-1 - -7 - -3)) + -358 + 346.
-20
(-12 - -2 - -16) + (-12 - -10) + 1
5
What is 1 + (-668 - -649 - (-1 - -8))?
-25
Evaluate -57 - (5 + (5 - 20) + (-4 - (-11 + 7))).
-47
109 - 141 - (-9 - 3) - 105
-125
Evaluate -26 + 30 + -22 + 1 + (30 - (42 - 7)).
-22
Calculate 0 + (-98 + 96 - (5 - 161) - 19).
135
What is the value of (-6 - 4 - (2 - 1)) + -36 + 56?
9
Calculate ((16 - 0) + 45 + -44 - 7) + 5 + 14.
29
What is the value of 60 + (-8 - ((-11 + (3 - -3) - 5) + 5))?
57
-8 + 2 + 71 + -16
49
Evaluate -1 - -7 - 3 - 17 - (93 - (66 + 148)).
107
What is 5 + 5 + 69 + -1 + (0 - (1 - -3))?
74
Calculate -16 + (-34 - (17 - 45)) + -4 + 1.
-25
Evaluate (-31 - -62) + -24 + 32.
39
(0 - 26 - 13 - -67) + -78
-50
What is 3383 - 3476 - (1 + -4)?
-90
What is -79 + (5 - -18) - 15?
-71
What is the value of 13 - (-22 + 20 + -2 + -6 + 0 + 121)?
-98
Evaluate 1 + 4 - (75 - 125).
55
What is the value of -104 + (192 - (80 - 111))?
119
Calculate 34 - (29 - 4) - -10 - (3 - (-2 + 6)).
20
Evaluate -15 + -7 - (-6 + 7 + -21).
-2
-3 - (58 + (1 - 4)) - -18
-40
Evaluate 76 + 71 + -7 + -125.
15
Calculate -10 + (15 - 10) + -24 + 8 + 47.
26
Evaluate -189 + 20 + (-36 - -127).
-78
(-26 - 73) + 76 + 1 + 8
-14
(-38 - (7 + -10)) + 76 + -156
-115
Calculate -31 + (-13 - -6) + (-10 - -29) - 4.
-23
Calculate -153 + 54 + 96 - (1 + 46).
-50
What is (-2 - -28) + -70 + 55 + -14?
-3
Calculate 85 + -1 + -696 + 693.
81
Calculate (-6 - (-7 + -78)) + -413 + 390.
56
Calculate (6 + -5 - 31) + 32 + (-83 - -46).
-35
What is the value of 1 + -15 + 3 - (-70 + (32 - -1))?
26
What is the value of (9 - 5 - 46) + (6 - (5 - (-4 - 5)))?
-50
What is 42 + 86 - (234 - 248)?
142
Evaluate (-115 - (6 - 27 - 9)) + 7.
-78
What is the value of (20 - (-20 - -19)) + -6 + -8?
7
-23 - (8 - (-3 + -12 + 6 + 9))
-31
Evaluate -20 + -28 + (-153 - -241).
40
2 - -8 - (37 + 5 + (12 - (41 + -12)))
-15
Evaluate 19 + 0 + (-1813 - -1821).
27
-14 - -28 - -5 - (31 - (-22 - -46))
12
Calculate 51 - (22 + -10 + -19).
58
(4 + -21 - (12 - (11 - 0))) + -2
-20
39 + -81 + 34 - (-149 + (7 - 6 - 1))
141
What is the value of 46 + -1 - (-5 + (-24 - -22) - 9)?
61
Calculate (-9 - (-1 + 1 + -5) - 7) + -9 + 14.
-6
Evaluate (79 - -14) + -59 + 5.
39
What is the value of 12 + (3 - (42 + (13 - (0 + 8))))?
-32
What is 57 + 0 + 1 - (20504 + -20479)?
33
Calculate 13 + -6 + (77 + -13 + -14 - -12) + -13.
56
What is (-52 - -4) + (511 + -496 - (0 - -20))?
-53
Evaluate (27 - 44) + 6 + 17 - -19.
25
What is the value of 93 - ((-4 - -14) + -3 + (8 - 3))?
81
What is -20 - ((33 - 6) + -11 + -8 - 80)?
52
Calculate -12 + 6 - (20 + -2 + -9).
-15
(4 - -7) + ((-17 - -6 - 1) + -109 - -4)
-106
What is the value of -70 + 26 - (1 - -10) - (-4 + 9 + -5)?
-55
What is 60 - -23 - (189 - 75)?
-31
What is the value of (-11 - 0) + -735 + 820?
74
What is the value of 6 + (-336 - -335 - (0 - 7) - -11)?
23
Evaluate -27 - 22 - -75 - 45.
-19
What is (10 + -22 - -11) + -24 - (9 + -16)?
-18
Calculate 78 + -59 + 43 + (2 + -9 - -2).
57
What is the value of -95 + 100 + (26 - -16)?
47
Evaluate (4 - (-3 - (-36 - -4))) + -15 + 16.
-24
Calculate 16 - (-50 - -54 - -30).
-18
(-44 - 0) + -4 + 6 + -7 + 11 + -15
-53
What is the value of (2 - -13) + -3 + -4 + -50 + 15?
-27
627 - 655 - (0 - 4 - 0 - -5 - 11)
-18
Calculate -30 + -2 - (20 - (18 - (-22 + 11))).
-23
Evaluate (-94 - -6) + (4 - -106).
22
What is the value of 2 + (-11 - (-41 + 15)) + -19?
-2
Evaluate 0 + (0 - -27 - (1 - -18 - 27)).
35
Evaluate 21 - (23 + (9 - -18)).
-29
What is the value of -56 + 25 + (-4 + 20 - 35)?
-50
0 + 6 + 31 + 6 + -6 + 5 + 2
44
What is the value of -3 + 0 - (25 + (2 - -14 - 35))?
-9
Evaluate -16 - (-2 - 8) - (1 + 26) - 5.
-38
-7 - -3 - (0 + -3 + 15 + -12)
-4
60 + 89 + 82 + -242
-11
Calculate 0 + 22 + 321 + -362 - (-36 - -3).
14
Evaluate -101 + 63 + 30 - (7 - (0 - -1)) - -37.
23
What is the value of -32 + (-58 - 48) + 50?
-88
-2 - ((-1 - -16) + -222 + 250)
-45
(78 - (2 + 10 - 4)) + (113 - 127)
56
Calculate 72 + -1 + -1 + 20 + -3 + (-404 - -381).
64
Calculate -22 - -18 - 9 - (16 - 2 - 2).
-25
Evaluate 29 - (-31 + (42 - -9)).
9
Calculate -9 - ((26 - 11) + (-9 + 59 - -2) - 2).
-74
Evaluate 0 - ((-3 + 49 - -3) + (-128 - -134) - -12).
-67
What is 51 + 103 + -50 + (6 - 10) + 5 + -10?
95
1 - (1 - 6 - (7 - (-4 - -9 - -12)))
-4
Calculate 16 - -70 - 81 - (2 + -3 + 1).
5
5 - 1 - (-5 + 38)
-29
What is (109 + -45 + -99 - (1 + 0 + -3)) + 9?
-24
Calculate 521 - (-215 - -729) - (104 - (0 + 1)).
-96
Calculate -76 - (3 - 23 - (62 + -59)).
-53
Evaluate (-76 - -30 - -18) + 1 + -4 - -5.
-26
Evaluate 11 + 14 + -103 + 10 + 4 + 2.
-62
What is 161 - 44 - 73 - (0 - 39)?
83
-45 - (-44 - 47 - -58)
-12
What is the value of (-9 - -1) + (19 - 48 - -32) + -39?
-44
What is 35 - 39 - (11 - ((-4 - 3) + (-9 - -12)))?
-19
(11 + 1 - (12 - 1)) + -12 + -26
-37
Calculate 20 + (-11 - 63) - (-4 + -1 + -1).
-48
Calculate -2 + 1 + (-9 - -8) + -8 - (-13 - 5).
8
What is the value of 147 + -199 - (-38 - 4) - (-22 - 1)?
13
Evaluate -32 + -46 + 21 + (17 - 7 - -7).
-40
Evaluate -74 - -3 - -8 - (571 - 558).
-76
Calculate 46 + (30 - 91) - ((-4 - -6) + -99).
82
-31 - (-7 - (-5 + -17 + 12 - -9))
-25
What is the value of 131 - (-12 - (50 - 58))?
135
Evaluate -5 - (3 + -3 - -1) - (-133 + 123).
4
Evaluate 116 + -24 + -90 - (0 - 43).
45
What is (-1 - 3) + (-9 - -56 - (-57 - -43))?
57
What is -23 + 0 + 28 - (-13 - -2) - 4?
12
Evaluate (5 - -17) + -33 - (-14 + 3 - -16).
-16
What is -11 - -12 - 31 - (109 - 94)?
-45
What is -76 + 49 - 15 - -19?
-23
What is the value of -9 - (-3 + -16 + 7 + 1 + -6 + 33)?
-25
Calculate -3745 - -3669 - (-92 - 1).
17
What is (-78 - 77) + 93 - -15?
-47
(-7 + -1 - (-45 + 55)) + 61
43
What is -13377 - -13389 - (2 - -24 - (0 - -1 - 0))?
-13
What is the value of (37 - 24) + -26 + 0 + 6 + 5?
-2
What is (-28 - (-3 + 2)) + 5 - (-10 - (-1 + -1))?
-14
What is the value of -1 + 1 + (34 + 1 - (-10 + -188 + 225))?
8
-29 - (127 - 136 - (-2 + -16))
-38
Calculate (63 - (-24 + 24)) + (3 - 0 - -4 - 7).
63
65 + -83 - (-1 + -2) - -45
30
36 - (-6 + -6 + -27)
75
-1 - (-107 + -51 - -28 - (8 + -1 + -5))
131
What is the value of (-22 - (7 + -15 - -21)) + 15?
-20
What is 8 + 1 - 33 - (-70 + 34)?
12
Evaluate 12 + -79 - (-39 - -27).
-55
What is (14 - (-33 + -13)) + (-14 - 0)?
46
What is -115 + 99 + (8 - -25) + -24?
-7
What is the value of (47 - 40 - (15 - -8)) + 8?
-8
-123 - -47 - (-18 + 2) - -7
-53
What is -37 - (0 - 2) - (302 - 319)?
-18
Calculate 15 + -6 - (4 + 2 + -109 + 77).
35
Calculate -9 + -9 + 21 + -12 - (1 - 7).
-3
Calculate (-18 - (7 + -16) - -92 - 14) + -15.
54
Calculate (-12 - 29) + 112 + -52.
19
Calculate 43 - -43 - 33 - 53.
0
What is the value of 158 + (-12 - 151) + (-3 - (18 - 3))?
-23
What is the value of 110 + (5 + -3 - (21 + (13 - (-18 - -34))))?
94
What is the value of -38 + (-199 - -98 - -172)?
33
Evaluate -30 + -23 + 19 + -1 + 28.
-7
What is the value of 76 + (-47 - 25) - (1 + 51 + -1)?
-47
Calculate (159 - 35) + 11 + -18.
117
What is the value of (10 + -61 + -4 - -7) + (-2 - 5) + 9?
-46
-1 + 0 + -19 + 14 - (-10 - (-24 + -44))
-64
What is the value of 104 + -38 + (-94 - -7)?
-21
1521 + -1465 - (32 - -4)
20
Evaluate 27 + (-28 - (4 - 13)) + (-87 - -6) + 8.
-65
Calculate (-1 - -10) + 25 + -9 + 15.
40
Evaluate -13 + -2 + (1 - 100 - (3117 - 3130)).
-101
Calculate -59 + 1 - (2 + 14 + 8 - 27).
-55
What is the value of 8 + (10 + -1 - ((16 - 56) + 5))?
52
What is 72 + (-18 + 51 + -22 - 18)?
65
(-26 - -75) + -8 + -41
0
(-1 - 2 - (369 - 283)) + -8
-97
(2 + (-10 - -7) - -19) + 11
29
What is the value of -18 - (-15 - -36) - 28 - (2 + -18)?
-51
What is the value of -24 + -50 + -16 + 28 + 12?
-50
(-56 - (42 + -117)) + -1 + -74
-56
What is (-85 - -25) + (-12 + 1 - 19)?
-90
What is -59 + (-25 - -7 - 